tors of 411?
3, 137
List the prime factors of 13684.
2, 11, 311
List the prime factors of 152712.
2, 3, 7, 101
List the prime factors of 5039.
5039
List the prime factors of 45728.
2, 1429
What are the prime factors of 37?
37
What are the prime factors of 1178?
2, 19, 31
List the prime factors of 5794.
2, 2897
What are the prime factors of 64958?
2, 32479
What are the prime factors of 120853?
17, 7109
What are the prime factors of 36138?
2, 3, 19, 317
What are the prime factors of 569?
569
List the prime factors of 30226.
2, 7, 17, 127
What are the prime factors of 1259?
1259
What are the prime factors of 31573?
31573
What are the prime factors of 9873?
3, 1097
List the prime factors of 44148.
2, 3, 13, 283
List the prime factors of 1813.
7, 37
List the prime factors of 1879.
1879
What are the prime factors of 285?
3, 5, 19
List the prime factors of 988.
2, 13, 19
List the prime factors of 10074.
2, 3, 23, 73
What are the prime factors of 11757?
3, 3919
What are the prime factors of 3976?
2, 7, 71
What are the prime factors of 3652?
2, 11, 83
List the prime factors of 921.
3, 307
What are the prime factors of 5526?
2, 3, 307
What are the prime factors of 15790?
2, 5, 1579
What are the prime factors of 13811?
7, 1973
List the prime factors of 59126.
2, 17, 37, 47
What are the prime factors of 28803?
3, 9601
What are the prime factors of 13300?
2, 5, 7, 19
What are the prime factors of 4180?
2, 5, 11, 19
List the prime factors of 1093.
1093
List the prime factors of 788.
2, 197
List the prime factors of 1469.
13, 113
What are the prime factors of 3114?
2, 3, 173
What are the prime factors of 887?
887
List the prime factors of 2965.
5, 593
List the prime factors of 8231.
8231
List the prime factors of 3225.
3, 5, 43
What are the prime factors of 32?
2
What are the prime factors of 24852?
2, 3, 19, 109
What are the prime factors of 28835?
5, 73, 79
List the prime factors of 15558.
2, 3, 2593
List the prime factors of 34908.
2, 3, 2909
What are the prime factors of 36805?
5, 17, 433
List the prime factors of 19.
19
List the prime factors of 97790.
2, 5, 7, 11, 127
List the prime factors of 29216.
2, 11, 83
List the prime factors of 357.
3, 7, 17
List the prime factors of 58858.
2, 29429
What are the prime factors of 4801?
4801
List the prime factors of 36387.
3, 13, 311
List the prime factors of 1599.
3, 13, 41
What are the prime factors of 13642?
2, 19, 359
List the prime factors of 152817.
3, 7, 19, 383
What are the prime factors of 237?
3, 79
List the prime factors of 39318.
2, 3, 6553
What are the prime factors of 5400?
2, 3, 5
List the prime factors of 77675.
5, 13, 239
List the prime factors of 4483.
4483
List the prime factors of 36730.
2, 5, 3673
List the prime factors of 542.
2, 271
What are the prime factors of 471?
3, 157
What are the prime factors of 415?
5, 83
What are the prime factors of 1186?
2, 593
List the prime factors of 21611.
21611
List the prime factors of 547.
547
What are the prime factors of 294?
2, 3, 7
List the prime factors of 12496.
2, 11, 71
List the prime factors of 13972.
2, 7, 499
List the prime factors of 88267.
61, 1447
What are the prime factors of 527?
17, 31
What are the prime factors of 39692?
2, 9923
What are the prime factors of 3105?
3, 5, 23
List the prime factors of 310.
2, 5, 31
What are the prime factors of 50369?
11, 19, 241
What are the prime factors of 27967?
27967
List the prime factors of 5589.
3, 23
List the prime factors of 2043.
3, 227
What are the prime factors of 22371?
3, 7457
List the prime factors of 79107.
3, 7, 3767
List the prime factors of 2730.
2, 3, 5, 7, 13
List the prime factors of 13294.
2, 17, 23
What are the prime factors of 136290?
2, 3, 5, 7, 11, 59
What are the prime factors of 12580?
2, 5, 17, 37
What are the prime factors of 1365?
3, 5, 7, 13
List the prime factors of 924.
2, 3, 7, 11
List the prime factors of 2391.
3, 797
What are the prime factors of 13937?
7, 11, 181
List the prime factors of 10556.
2, 7, 13, 29
What are the prime factors of 28392?
2, 3, 7, 13
What are the prime factors of 2451?
3, 19, 43
What are the prime factors of 57?
3, 19
List the prime factors of 111912.
2, 3, 4663
What are the prime factors of 49164?
2, 3, 17, 241
List the prime factors of 1264.
2, 79
What are the prime factors of 923?
13, 71
List the prime factors of 16642.
2, 53, 157
What are the prime factors of 4110?
2, 3, 5, 137
What are the prime factors of 650?
2, 5, 13
List the prime factors of 48612.
2, 3, 4051
What are the prime factors of 1810?
2, 5, 181
What are the prime factors of 9382?
2, 4691
What are the prime factors of 64469?
23, 2803
What are the prime factors of 445?
5, 89
List the prime factors of 832.
2, 13
What are the prime factors of 62347?
62347
What are the prime factors of 31463?
73, 431
What are the prime factors of 16441?
41, 401
What are the prime factors of 1518?
2, 3, 11, 23
List the prime factors of 48107.
73, 659
List the prime factors of 13857.
3, 31, 149
List the prime factors of 4692.
2, 3, 17, 23
What are the prime factors of 5924?
2, 1481
List the prime factors of 44890.
2, 5, 67
List the prime factors of 8379.
3, 7, 19
List the prime factors of 5785.
5, 13, 89
List the prime factors of 3141.
3, 349
What are the prime factors of 37098?
2, 3, 229
What are the prime factors of 22426?
2, 11213
What are the prime factors of 285?
3, 5, 19
What are the prime factors of 296?
2, 37
List the prime factors of 4265.
5, 853
What are the prime factors of 16712?
2, 2089
What are the prime factors of 1509?
3, 503
What are the prime factors of 1661?
11, 151
List the prime factors of 124989.
3, 61, 683
List the prime factors of 296.
2, 37
List the prime factors of 975.
3, 5, 13
List the prime factors of 8981.
7, 1283
What are the prime factors of 1982?
2, 991
What are the prime factors of 572?
2, 11, 13
List the prime factors of 30107.
7, 11, 17, 23
What are the prime factors of 11400?
2, 3, 5, 19
What are the prime factors of 4878?
2, 3, 271
List the prime factors of 823.
823
List the prime factors of 5778.
2, 3, 107
What are the prime factors of 83219?
83219
What are the prime factors of 731?
17, 43
List the prime factors of 52208.
2, 13, 251
What are the prime factors of 1154?
2, 577
List the prime factors of 832.
2, 13
List the prime factors of 49901.
139, 359
List the prime factors of 86795.
5, 17359
List the prime factors of 8845.
5, 29, 61
What are the prime factors of 43576?
2, 13, 419
List the prime factors of 1037.
17, 61
List the prime factors of 1219.
23, 53
What are the prime factors of 7101?
3, 263
List the prime factors of 117371.
117371
List the prime factors of 65340.
2, 3, 5, 11
What are the prime factors of 13135?
5, 37, 71
What are the prime factors of 1062?
2, 3, 59
List the prime factors of 22581.
3, 13, 193
List the prime factors of 13851.
3, 19
List the prime factors of 386.
2, 193
What are the prime factors of 25035?
3, 5, 1669
What are the prime factors of 8002?
2, 4001
What are the prime factors of 116489?
19, 6131
List the prime factors of 121918.
2, 47, 1297
What are the prime factors of 7952?
2, 7, 71
List the prime factors of 17326.
2, 8663
List the prime factors of 123584.
2, 1931
List the prime factors of 189314.
2, 103, 919
What are the prime factors of 31214?
2, 15607
What are the prime factors of 7533?
3, 31
What are the prime factors of 487?
487
List the prime factors of 3596.
2, 29, 31
List the prime factors of 85855.
5, 7, 11, 223
What are the prime factors of 755?
5, 151
List the prime factors of 4605.
3, 5, 307
List the prime factors of 1190.
2, 5, 7, 17
What are the prime factors of 3198?
2, 3, 13, 41
What are the prime factors of 339?
3, 113
List the prime factors of 2802.
2, 3, 467
List the prime factors of 10095.
3, 5, 673
List the prime factors of 413.
7, 59
List the prime factors of 3560.
2, 5, 89
List the prime factors of 4273.
4273
What are the prime factors of 197?
197
What are the prime factors of 1785?
3, 5, 7, 17
What are the prime factors of 13497?
3, 11, 409
What are the prime factors of 1226?
2, 613
What are the prime factors of 1073?
29, 37
What are the prime factors of 169?
13
List the prime factors of 863.
863
What are the prime factors of 1970?
2, 5, 197
List the prime factors of 42071.
42071
List the prime f